{"id":504,"date":"2024-08-12T13:59:25","date_gmt":"2024-08-12T10:59:25","guid":{"rendered":"http:\/\/test.eksa.com.tr\/?page_id=504"},"modified":"2024-08-26T13:42:47","modified_gmt":"2024-08-26T10:42:47","slug":"exa-elite-14-notebook","status":"publish","type":"page","link":"https:\/\/exa.com.tr\/index.php\/exa-elite-14-notebook\/","title":{"rendered":"EXA ELITE 14&#8243; Notebook"},"content":{"rendered":"\n<p class=\"has-text-align-center\"><div aria-live=\"polite\" id=\"soliloquy-container-499\" class=\"soliloquy-container soliloquy-transition-fade  soliloquy-theme-base\" style=\"max-width:900px;max-height:600px;\"><ul id=\"soliloquy-499\" class=\"soliloquy-slider soliloquy-slides soliloquy-wrap soliloquy-clear\"><li aria-hidden=\"true\" class=\"soliloquy-item soliloquy-item-1 soliloquy-image-slide\" draggable=\"false\" style=\"list-style:none\"><img decoding=\"async\" id=\"soliloquy-image-503\" class=\"soliloquy-image soliloquy-image-1\" src=\"https:\/\/exa.com.tr\/wp-content\/uploads\/exa-14inch-elite-notebook-1-900x600_c.jpg\" alt=\"exa-14inch-elite-notebook\" \/><\/li><li aria-hidden=\"true\" class=\"soliloquy-item soliloquy-item-2 soliloquy-image-slide\" draggable=\"false\" style=\"list-style:none\"><img decoding=\"async\" id=\"soliloquy-image-500\" class=\"soliloquy-image soliloquy-image-2\" src=\"https:\/\/exa.com.tr\/wp-content\/uploads\/exa-14inch-elite-notebook_02-900x600_c.jpg\" alt=\"exa-14inch-elite-notebook_02\" \/><\/li><li aria-hidden=\"true\" class=\"soliloquy-item soliloquy-item-3 soliloquy-image-slide\" draggable=\"false\" style=\"list-style:none\"><img decoding=\"async\" id=\"soliloquy-image-501\" class=\"soliloquy-image soliloquy-image-3\" src=\"https:\/\/exa.com.tr\/wp-content\/uploads\/exa-14inch-elite-notebook_04-900x600_c.jpg\" alt=\"exa-14inch-elite-notebook_04\" \/><\/li><li aria-hidden=\"true\" class=\"soliloquy-item soliloquy-item-4 soliloquy-image-slide\" draggable=\"false\" style=\"list-style:none\"><img decoding=\"async\" id=\"soliloquy-image-502\" class=\"soliloquy-image soliloquy-image-4\" src=\"https:\/\/exa.com.tr\/wp-content\/uploads\/exa-14inch-elite-notebook_05-900x600_c.jpg\" alt=\"exa-14inch-elite-notebook_05\" \/><\/li><\/ul><\/div><noscript><style type=\"text\/css\">#soliloquy-container-499{opacity:1}<\/style><\/noscript><\/p>\n\n\n\n<div class=\"wp-block-media-text is-stacked-on-mobile\"><figure class=\"wp-block-media-text__media\"><img loading=\"lazy\" decoding=\"async\" width=\"300\" height=\"201\" src=\"http:\/\/test.eksa.com.tr\/wp-content\/uploads\/elite-notebook-ince-tasarim.png\" alt=\"\" class=\"wp-image-505 size-full\"\/><\/figure><div class=\"wp-block-media-text__content\">\n<p><strong>Hafif, \u0130nce ve \u015e\u0131k Tasar\u0131m<\/strong><\/p>\n\n\n\n<p>Sadece&nbsp;<strong>1.1kg<\/strong>&nbsp;hafifli\u011fe sahip EXA Elite serisi size ger\u00e7ek mobiliteyi sunmak i\u00e7in tasarland\u0131.Diledi\u011finiz yere yan\u0131n\u0131zda g\u00f6t\u00fcrebilece\u011finiz hafiflikte olan Exa Elite Notebook,&nbsp;<strong>16.5mm inceli\u011fe ve 5.7mm \u00e7er\u00e7eve geni\u015fli\u011fine sahip Elite serisi %82 ekran\/g\u00f6vde oran\u0131<\/strong>&nbsp;ve metalik siyah rengi ile de g\u00f6zleri \u00fcst\u00fcn\u00fczde toplayacak!<\/p>\n<\/div><\/div>\n\n\n\n<div class=\"wp-block-media-text has-media-on-the-right is-stacked-on-mobile\"><div class=\"wp-block-media-text__content\">\n<p><strong>Uzun Pil \u00d6mr\u00fc<\/strong><\/p>\n\n\n\n<p>Hareketli i\u015f hayat\u0131n\u0131 \u015farj kablosu ile k\u0131s\u0131tlamaman\u0131z i\u00e7in&nbsp;<strong>uzun \u00f6m\u00fcrl\u00fc pil<\/strong>ile geli\u015ftirildi. Exa Elite Notebook incecik bir i\u015f bilgisayar\u0131 olmas\u0131na ra\u011fmen&nbsp;<strong>10 saatin \u00fczerinde pil \u00f6mr\u00fc<\/strong>&nbsp;sunuyor.<\/p>\n<\/div><figure class=\"wp-block-media-text__media\"><img loading=\"lazy\" decoding=\"async\" width=\"300\" height=\"207\" src=\"http:\/\/test.eksa.com.tr\/wp-content\/uploads\/exa-elite-notebook-batarya-pil-gucu.png\" alt=\"\" class=\"wp-image-506 size-full\"\/><\/figure><\/div>\n\n\n\n<div class=\"wp-block-media-text is-stacked-on-mobile\"><figure class=\"wp-block-media-text__media\"><img loading=\"lazy\" decoding=\"async\" width=\"300\" height=\"219\" src=\"http:\/\/test.eksa.com.tr\/wp-content\/uploads\/elite-notebook-esnek-yapilandirma.png\" alt=\"\" class=\"wp-image-507 size-full\"\/><\/figure><div class=\"wp-block-media-text__content\">\n<p><strong>Esnek Yap\u0131land\u0131rma<\/strong><\/p>\n\n\n\n<p>\u00dcretkenli\u011finizin zamana yenik d\u00fc\u015fmemesi i\u00e7in saniyelerin de\u011ferini biliyoruz. Bu y\u00fczden Exa Elite notebook modelimizde y\u00fcksek h\u0131zl\u0131&nbsp;<strong>M.2 SSD<\/strong>depolamaya olanak sunuyoruz. \u0130ste\u011finize g\u00f6re bellek ve depolama alan\u0131n\u0131 yap\u0131land\u0131r\u0131p sat\u0131n alabilirsiniz.<\/p>\n<\/div><\/div>\n\n\n\n<div class=\"wp-block-media-text has-media-on-the-right is-stacked-on-mobile\"><div class=\"wp-block-media-text__content\">\n<p><strong>180\u00b0 A\u00e7\u0131labilir Ekran<\/strong><\/p>\n\n\n\n<p>Exa Elite Notebook \u00f6zel al\u00fcminyum ala\u015f\u0131m\u0131ndan yap\u0131lan mente\u015fe yap\u0131s\u0131 sayesinde&nbsp;<strong>180 derece<\/strong>&nbsp;a\u00e7\u0131labilen bir ekran sunuyor. B\u00f6ylece toplant\u0131 s\u0131ras\u0131nda kar\u015f\u0131n\u0131zdakilere ekran\u0131n\u0131zdan bir \u015fey g\u00f6stermek istedi\u011finizde yerinizi de\u011fi\u015ftirmenize veya bilgisayar\u0131n\u0131z\u0131 \u00e7evirip kendi g\u00f6r\u00fc\u015f\u00fcn\u00fcz\u00fc engellemenize gerek kalmaz!<\/p>\n<\/div><figure class=\"wp-block-media-text__media\"><img loading=\"lazy\" decoding=\"async\" width=\"300\" height=\"273\" src=\"http:\/\/test.eksa.com.tr\/wp-content\/uploads\/elite-notebook-180-derece-acilir.png\" alt=\"\" class=\"wp-image-508 size-full\"\/><\/figure><\/div>\n\n\n\n<div class=\"wp-block-media-text is-stacked-on-mobile\"><figure class=\"wp-block-media-text__media\"><img loading=\"lazy\" decoding=\"async\" width=\"300\" height=\"218\" src=\"http:\/\/test.eksa.com.tr\/wp-content\/uploads\/exa-elite-notebook-windows-hello-kamera.png\" alt=\"\" class=\"wp-image-509 size-full\"\/><\/figure><div class=\"wp-block-media-text__content\">\n<p><strong>Windows Hello Kamera<\/strong><\/p>\n\n\n\n<p>Windows Hello destekli \u00f6n kameran\u0131z ile&nbsp;<strong>en h\u0131zl\u0131 ve g\u00fcvenli<\/strong>&nbsp;bir \u015fekilde bilgisayar\u0131n\u0131zda oturum a\u00e7abilirsiniz.<\/p>\n<\/div><\/div>\n\n\n\n<div class=\"wp-block-media-text has-media-on-the-right is-stacked-on-mobile\"><div class=\"wp-block-media-text__content\">\n<p><strong>Backlit Klavye<\/strong><\/p>\n\n\n\n<p>Tek Renk (beyaz) Arkadan Ayd\u0131nlatmal\u0131 Klavye Exa Elite notebook ile gece ge\u00e7 saatlerde \u00e7al\u0131\u015fman\u0131z\u0131 kolayla\u015ft\u0131racak&nbsp;<strong>Backlit Klavye<\/strong>&nbsp;ile rahat\u00e7a \u00e7al\u0131\u015fman\u0131n keyfini ya\u015fayacaks\u0131n\u0131z. Arkadan ayd\u0131nlatmal\u0131 klavye karanl\u0131kta kolay yazmabilme imkan\u0131 sunar. Klavye ayd\u0131nlatma kontrol\u00fcn\u00fc &#8216;Fn&#8217;+&#8217;F4&#8217; k\u0131sayol tu\u015flar\u0131 ile ayarlayabilirsiniz.<\/p>\n<\/div><figure class=\"wp-block-media-text__media\"><img loading=\"lazy\" decoding=\"async\" width=\"300\" height=\"155\" src=\"http:\/\/test.eksa.com.tr\/wp-content\/uploads\/elite-notebook-backlit-klavye.jpg\" alt=\"\" class=\"wp-image-510 size-full\"\/><\/figure><\/div>\n\n\n\n<div class=\"wp-block-media-text is-stacked-on-mobile\"><figure class=\"wp-block-media-text__media\"><img loading=\"lazy\" decoding=\"async\" width=\"300\" height=\"174\" src=\"http:\/\/test.eksa.com.tr\/wp-content\/uploads\/elite-notebook-baglanti-portu.png\" alt=\"\" class=\"wp-image-511 size-full\"\/><\/figure><div class=\"wp-block-media-text__content\">\n<p><strong>Dispay Port Ba\u011flant\u0131s\u0131<\/strong><\/p>\n\n\n\n<p>HDMI,&nbsp;<strong>Display Port ve Type C<\/strong>&nbsp;sayesinde 3 ekrana kadar g\u00f6r\u00fcnt\u00fc verebilme imkan\u0131 sunmaktad\u0131r.<\/p>\n<\/div><\/div>\n\n\n\n<div class=\"wp-block-media-text has-media-on-the-right is-stacked-on-mobile\"><div class=\"wp-block-media-text__content\">\n<p><strong>Ba\u011flant\u0131 Portlar\u0131<\/strong><\/p>\n\n\n\n<p>Exa Elite Notebook \u00fczerinde bulunan ba\u011flant\u0131 portlar\u0131 sayesinde bir \u00e7ok \u00f6zelli\u011fi i\u00e7erisinde bar\u0131nd\u0131rmaktad\u0131r. HDMI, USB 3.2, Type C, Mikro SD kart okuyucu,&nbsp;<strong>Kensignton Type<\/strong>ve Kulak\u0131k\/Mikrofon jak giri\u015fleri bulunmaktad\u0131r.<\/p>\n<\/div><figure class=\"wp-block-media-text__media\"><img loading=\"lazy\" decoding=\"async\" width=\"300\" height=\"174\" src=\"http:\/\/test.eksa.com.tr\/wp-content\/uploads\/elite-notebook-baglanti-girisleri.png\" alt=\"\" class=\"wp-image-512 size-full\"\/><\/figure><\/div>\n\n\n\n<div class=\"wp-block-media-text is-stacked-on-mobile\"><figure class=\"wp-block-media-text__media\"><img loading=\"lazy\" decoding=\"async\" width=\"300\" height=\"221\" src=\"http:\/\/test.eksa.com.tr\/wp-content\/uploads\/elite-notebook-mil-std-810g.png\" alt=\"\" class=\"wp-image-513 size-full\"\/><\/figure><div class=\"wp-block-media-text__content\">\n<p><strong>Askeri Standarlara Uygun (MIL-STD 810G)<\/strong><\/p>\n\n\n\n<p>EXA Elite serisi diz\u00fcst\u00fc bilgisayar,&nbsp;<strong>10 farkl\u0131 askeri standart<\/strong>&nbsp;testlerini ba\u015far\u0131l\u0131 ile ge\u00e7mi\u015ftir. Sizi yar\u0131 yolda b\u0131rakmamak i\u00e7in tasarlanm\u0131\u015ft\u0131r. (*Tuz sprey testi, toz, \u0131s\u0131 \u015fok, d\u00fc\u015fme, nem, vibrasyon, d\u00fc\u015f\u00fck ve y\u00fcksek \u0131s\u0131, mekanik vibrasyon, d\u00fc\u015f\u00fck bas\u0131n\u00e7 testleri)<\/p>\n<\/div><\/div>\n\n\n\n<figure class=\"wp-block-image size-large\"><img loading=\"lazy\" decoding=\"async\" width=\"1024\" height=\"202\" src=\"http:\/\/test.eksa.com.tr\/wp-content\/uploads\/elite-notebook-mil-test-1024x202.png\" alt=\"\" class=\"wp-image-496\" srcset=\"https:\/\/exa.com.tr\/wp-content\/uploads\/elite-notebook-mil-test-1024x202.png 1024w, https:\/\/exa.com.tr\/wp-content\/uploads\/elite-notebook-mil-test-300x59.png 300w, https:\/\/exa.com.tr\/wp-content\/uploads\/elite-notebook-mil-test-768x152.png 768w, https:\/\/exa.com.tr\/wp-content\/uploads\/elite-notebook-mil-test.png 1039w\" sizes=\"auto, (max-width: 1024px) 100vw, 1024px\" \/><\/figure>\n\n\n\n<p class=\"has-text-align-center\"><strong><mark style=\"background-color:rgba(0, 0, 0, 0)\" class=\"has-inline-color has-accent-3-color\">Exa Elite Notebook \u0130nceleme Videosu<\/mark><\/strong><\/p>\n\n\n\n<figure class=\"wp-block-embed is-type-rich is-provider-g-mme-tutucu wp-block-embed-g-mme-tutucu wp-embed-aspect-16-9 wp-has-aspect-ratio\"><div class=\"wp-block-embed__wrapper\">\n<iframe loading=\"lazy\" title=\"Exa 14&quot; Elite Notebook \u0130nceleme - Pili 14 Saat Giden Notebook!\" width=\"500\" height=\"281\" src=\"https:\/\/www.youtube.com\/embed\/kKwvBXW6VEE?feature=oembed\" frameborder=\"0\" allow=\"accelerometer; autoplay; clipboard-write; encrypted-media; gyroscope; picture-in-picture; web-share\" referrerpolicy=\"strict-origin-when-cross-origin\" allowfullscreen><\/iframe>\n<\/div><\/figure>\n\n\n\n<div id=\"teknik\" class=\"tab-pane fade active in\">\n                                <h3>Teknik \u00d6zellikler<\/h3>\n                                <table width=\"100%\" border=\"0\">\n  <tbody><tr style=\"background-color: #F2F2F2\">\n    <td style=\"font-size:14px; font-weight:bold\">\u0130\u015flemci:<\/td>\n    <td style=\"text-align:left; font-size:14px;\">Intel\u00ae Core \u2122 i7-10510U i\u015flemci (14nm, 1.8GHz, DDR4 2666MHz, 8MB Ak\u0131ll\u0131 \u00d6nbellek, TDP: 15W)<br>Intel\u00ae Core \u2122 i5-10210U i\u015flemci (14nm, 1.6GHz, DDR4 2666MHz, 6MB Ak\u0131ll\u0131 \u00d6nbellek, TDP: 15W)<\/td>\n  <\/tr>\n  <tr>\n    <td style=\"font-size:14px; font-weight:bold\">Ekran:<\/td>\n    <td style=\"text-align:left; font-size:14px;\">14.0&#8243;(35.56cm) FHD(1920&#215;1080) 16:9 IPS ekran, 2.4mm<\/td>\n  <\/tr>\n  <tr style=\"background-color: #F2F2F2\">\n    <td style=\"font-size:14px; font-weight:bold\">Bellek:<\/td>\n    <td style=\"text-align:left; font-size:14px;\">\u00c7ift Kanal DDR4 <br>Dahili DDR4 8GB<br>1 x 260 pins SODIMM soket, DDR4 2666MHz Destekler(Ger\u00e7ek \u00e7al\u0131\u015fma frekans\u0131 i\u015flemciye ba\u011fl\u0131d\u0131r)<br>16GB&#8217;a kadar art\u0131r\u0131labilir bellek, 8GB \/ 16GB SODIMM Mod\u00fcl\u00fcne ba\u011fl\u0131d\u0131r.\n<\/td>\n  <\/tr>\n  <tr>\n    <td style=\"font-size:14px; font-weight:bold\">Grafik Denetleyici:<\/td>\n    <td style=\"text-align:left; font-size:14px;\">Intel\u00ae UHD Grafik Kart\u0131 620<br>Dinamik frekans<br>Intel Dinamik Video Bellek Teknolojisi<br> Microsoft DirectX\u00ae 12 uyumlu<\/td>\n  <\/tr>\n  <tr style=\"background-color: #F2F2F2\">\n    <td style=\"font-size:14px; font-weight:bold\">Depolama:<\/td>\n    <td style=\"text-align:left; font-size:14px;\">1 x M.2 SSD 2280, SATA \/ PCIe Gen3x4 aray\u00fcz\u00fc<br>1 x M.2 SSD 2280, SATA aray\u00fcz\u00fc<\/td>\n  <\/tr>\n  <tr>\n    <td style=\"font-size:14px; font-weight:bold\">Ses:<\/td>\n    <td style=\"text-align:left; font-size:14px;\">Y\u00fcksek kalitede ses<br>2 Adet Dahili Hoparl\u00f6r<br>Dahili Mikrofon<\/td>\n  <\/tr>\n  <tr style=\"background-color: #F2F2F2\">\n    <td style=\"font-size:14px; font-weight:bold\">Klavye:<\/td>\n    <td style=\"text-align:left; font-size:14px;\">Standart Q T\u00fcrk\u00e7e Klavye- Backlit<\/td>\n  <\/tr>  \n  <tr>\n    <td style=\"font-size:14px; font-weight:bold\">Ba\u011flant\u0131 Portlar\u0131:<\/td>\n    <td style=\"text-align:left; font-size:14px;\">1 x USB 3.0 (USB3.1 Gen 1) ba\u011flant\u0131 noktas\u0131 (Tip A)<br>1 x USB 3.1 (USB3.1 Gen 2) ba\u011flant\u0131 noktas\u0131 (Tip A)<br>USB 3.1 Gen 2 (Tip C) \u00fczerinden 1 x DisplayPort 1.2 (ile G\u00fc\u00e7 Da\u011f\u0131t\u0131m\u0131 DC giri\u015fi)<br>1 x HDMI \u00e7\u0131k\u0131\u015f ba\u011flant\u0131 noktas\u0131 (HDCP ile)<br>1 x 2&#8217;si 1 arada Ses jak\u0131 (Kulakl\u0131k \/ Mikrofon)<br>1 x DC giri\u015fi jak\u0131 Kart Okuyucu<\/td>\n  <\/tr>\n  <tr style=\"background-color: #F2F2F2\">\n    <td style=\"font-size:14px; font-weight:bold\">Kart Okuyucu:<\/td>\n    <td style=\"text-align:left; font-size:14px;\">Mikro SD kart okuyucu<\/td>\n  <\/tr> \n  <tr>\n    <td style=\"font-size:14px; font-weight:bold\">\u0130leti\u015fim:<\/td>\n    <td style=\"text-align:left; font-size:14px;\">Intel\u00ae \u00c7ift Bantl\u0131 Wi-Fi 6 AX201 2&#215;2 AX + BT CNVi M.2 2230 (Harrison Peak 2)<br>Windows Hello Kamera<\/td>\n  <\/tr>\n  <tr style=\"background-color: #F2F2F2\"> \n    <td style=\"font-size:14px; font-weight:bold\">G\u00fc\u00e7 Kayna\u011f\u0131:<\/td>\n    <td style=\"text-align:left; font-size:14px;\">Tam Aral\u0131kl\u0131 AC adapt\u00f6r, AC 100 ~ 240V, 50 ~ 60Hz, DC \u00e7\u0131k\u0131\u015f 19V 3.42A, 65W<br>Polimer Ak\u0131ll\u0131 Lityum-\u0130yon Batarya (73WH)<\/td>\n  <\/tr>\n  <tr>\n    <td style=\"font-size:14px; font-weight:bold\">G\u00fcvenlik:<\/td>\n    <td style=\"text-align:left; font-size:14px;\">G\u00fcvenlik (Kensington\u00ae Tipi) Kilit Yuvas\u0131<br>TPM 2.0<\/td>\n  <\/tr>\n  <tr style=\"background-color: #F2F2F2\">\n    <td style=\"font-size:14px; font-weight:bold\">Di\u011fer \u00d6zellikler:<\/td>\n    <td style=\"text-align:left; font-size:14px;\">180 \u00b0 Mente\u015fe tasar\u0131m\u0131<br>Intel\u00ae OptaneTM Teknolojisi (Intel \u00e7ekirdek i\u015flemci ailesi i\u00e7in)<br>MIL-STD 810G<\/td>\n  <\/tr>\n  <tr>\n    <td style=\"font-size:14px; font-weight:bold\">\u0130\u015fletim Sistemi:<\/td>\n    <td style=\"text-align:left; font-size:14px;\">Freedos<\/td>\n  <\/tr>\n  <tr style=\"background-color: #F2F2F2\">\n    <td style=\"font-size:14px; font-weight:bold\"> Sertifikalar:<\/td>\n    <td style=\"text-align:left; font-size:14px;\">Windows\u00ae 10 RS6 (64 bit)<br>HDMI\u2122 Logo<\/td>\n  <\/tr>\n  <tr>\n    <td style=\"font-size:14px; font-weight:bold\">Boyutlar:<\/td>\n    <td style=\"text-align:left; font-size:14px;\">322mm(G) x 216,8mm (D) x 16,5mm (Y)(Y\u00fckseklik hari\u00e7 pil alan\u0131) (TBD)<\/td>\n  <\/tr>\n  <tr style=\"background-color: #F2F2F2\">\n    <td style=\"font-size:14px; font-weight:bold\">A\u011f\u0131rl\u0131k:<\/td>\n    <td style=\"text-align:left; font-size:14px;\">1.1kg<br> Tam Sistem, 8GB RAM, 256GB M.2 SSD, 36WH pil, WLAN, 1.0M HD video kamera ve arkadan ayd\u0131nlatmal\u0131 klavye ile<\/td>\n  <\/tr>\n  \n\n  \n  \n<\/tbody><\/table>\n                            <\/div>\n\n\n\n<div class=\"wp-block-buttons is-layout-flex wp-block-buttons-is-layout-flex\">\n<div class=\"wp-block-button\"><a class=\"wp-block-button__link has-accent-3-background-color has-background wp-element-button\" href=\"\/index.php\/suruculer\/#notebook\">S\u00fcr\u00fcc\u00fcler<\/a><\/div>\n<\/div>\n","protected":false},"excerpt":{"rendered":"<p>Hafif, \u0130nce ve \u015e\u0131k Tasar\u0131m Sadece&nbsp;1.1kg&nbsp;hafifli\u011fe sahip EXA Elite serisi size ger\u00e7ek mobiliteyi sunmak i\u00e7in tasarland\u0131.Diledi\u011finiz yere yan\u0131n\u0131zda g\u00f6t\u00fcrebilece\u011finiz hafiflikte olan Exa Elite Notebook,&nbsp;16.5mm inceli\u011fe ve 5.7mm \u00e7er\u00e7eve geni\u015fli\u011fine sahip Elite serisi %82 ekran\/g\u00f6vde oran\u0131&nbsp;ve metalik siyah rengi ile de g\u00f6zleri \u00fcst\u00fcn\u00fczde toplayacak! Uzun Pil \u00d6mr\u00fc Hareketli i\u015f hayat\u0131n\u0131 \u015farj kablosu ile k\u0131s\u0131tlamaman\u0131z i\u00e7in&nbsp;uzun \u00f6m\u00fcrl\u00fc [&hellip;]<\/p>\n","protected":false},"author":1,"featured_media":0,"parent":0,"menu_order":0,"comment_status":"closed","ping_status":"closed","template":"wp-custom-template-geni-sayfa","meta":{"footnotes":""},"class_list":["post-504","page","type-page","status-publish","hentry"],"_links":{"self":[{"href":"https:\/\/exa.com.tr\/index.php\/wp-json\/wp\/v2\/pages\/504","targetHints":{"allow":["GET"]}}],"collection":[{"href":"https:\/\/exa.com.tr\/index.php\/wp-json\/wp\/v2\/pages"}],"about":[{"href":"https:\/\/exa.com.tr\/index.php\/wp-json\/wp\/v2\/types\/page"}],"author":[{"embeddable":true,"href":"https:\/\/exa.com.tr\/index.php\/wp-json\/wp\/v2\/users\/1"}],"replies":[{"embeddable":true,"href":"https:\/\/exa.com.tr\/index.php\/wp-json\/wp\/v2\/comments?post=504"}],"version-history":[{"count":5,"href":"https:\/\/exa.com.tr\/index.php\/wp-json\/wp\/v2\/pages\/504\/revisions"}],"predecessor-version":[{"id":842,"href":"https:\/\/exa.com.tr\/index.php\/wp-json\/wp\/v2\/pages\/504\/revisions\/842"}],"wp:attachment":[{"href":"https:\/\/exa.com.tr\/index.php\/wp-json\/wp\/v2\/media?parent=504"}],"curies":[{"name":"wp","href":"https:\/\/api.w.org\/{rel}","templated":true}]}}