{"id":283,"date":"2024-08-02T12:01:40","date_gmt":"2024-08-02T09:01:40","guid":{"rendered":"http:\/\/test.eksa.com.tr\/?page_id=283"},"modified":"2026-04-03T11:03:26","modified_gmt":"2026-04-03T08:03:26","slug":"markalarimiz","status":"publish","type":"page","link":"https:\/\/exa.com.tr\/index.php\/markalarimiz\/","title":{"rendered":"Markalar\u0131m\u0131z"},"content":{"rendered":"\n<h4 class=\"wp-block-heading\"><strong>Eksa markalar\u0131<\/strong><\/h4>\n\n\n\n<div class=\"wp-block-columns is-layout-flex wp-container-core-columns-is-layout-28f84493 wp-block-columns-is-layout-flex\">\n<div class=\"wp-block-column is-layout-flow wp-block-column-is-layout-flow\" style=\"flex-basis:100%\">\n<div class=\"wp-block-group is-layout-grid wp-container-core-group-is-layout-09953040 wp-block-group-is-layout-grid\">\n<figure class=\"wp-block-image size-full\"><img loading=\"lazy\" decoding=\"async\" width=\"164\" height=\"90\" src=\"https:\/\/exa.com.tr\/wp-content\/uploads\/Exa_AIO.jpg\" alt=\"\" class=\"wp-image-969\"\/><\/figure>\n\n\n\n<figure class=\"wp-block-image size-full\"><img loading=\"lazy\" decoding=\"async\" width=\"164\" height=\"90\" src=\"https:\/\/exa.com.tr\/wp-content\/uploads\/Exa_POS_PC-1.jpg\" alt=\"\" class=\"wp-image-968\"\/><\/figure>\n\n\n\n<figure class=\"wp-block-image size-full\"><img loading=\"lazy\" decoding=\"async\" width=\"164\" height=\"90\" src=\"https:\/\/exa.com.tr\/wp-content\/uploads\/15_ExaElite.jpg\" alt=\"\" class=\"wp-image-309\"\/><\/figure>\n\n\n\n<figure class=\"wp-block-image size-full\"><img loading=\"lazy\" decoding=\"async\" width=\"164\" height=\"90\" src=\"https:\/\/exa.com.tr\/wp-content\/uploads\/16_exatrend.jpg\" alt=\"\" class=\"wp-image-310\"\/><\/figure>\n<\/div>\n<\/div>\n<\/div>\n\n\n\n<div class=\"wp-block-group is-layout-grid wp-container-core-group-is-layout-acc8bb78 wp-block-group-is-layout-grid\">\n<figure class=\"wp-block-image size-full\"><img loading=\"lazy\" decoding=\"async\" width=\"164\" height=\"90\" src=\"https:\/\/exa.com.tr\/wp-content\/uploads\/23_corpex.jpg\" alt=\"\" class=\"wp-image-316\"\/><\/figure>\n\n\n\n<figure class=\"wp-block-image size-full\"><img loading=\"lazy\" decoding=\"async\" width=\"164\" height=\"90\" src=\"https:\/\/exa.com.tr\/wp-content\/uploads\/17_grj.jpg\" alt=\"\" class=\"wp-image-314\"\/><\/figure>\n\n\n\n<figure class=\"wp-block-image size-full\"><a href=\"https:\/\/www.gamegaraj.com\/\" target=\"_blank\" rel=\"noreferrer noopener\"><img loading=\"lazy\" decoding=\"async\" width=\"164\" height=\"90\" src=\"https:\/\/exa.com.tr\/wp-content\/uploads\/03_GameGaraj-1.jpg\" alt=\"\" class=\"wp-image-313\"\/><\/a><\/figure>\n\n\n\n<figure class=\"wp-block-image size-full\"><a href=\"https:\/\/www.garajonline.com.tr\/\" target=\"_blank\" rel=\"noreferrer noopener\"><img loading=\"lazy\" decoding=\"async\" width=\"164\" height=\"90\" src=\"https:\/\/exa.com.tr\/wp-content\/uploads\/Gara_Online.jpg\" alt=\"\" class=\"wp-image-811\"\/><\/a><\/figure>\n<\/div>\n\n\n\n<hr class=\"wp-block-separator has-alpha-channel-opacity\"\/>\n\n\n\n<h4 class=\"wp-block-heading\"><strong>Distrib\u00fct\u00f6rl\u00fc\u011f\u00fcn\u00fc yapt\u0131\u011f\u0131m\u0131z markalar<\/strong><\/h4>\n\n\n\n<div class=\"wp-block-group is-layout-grid wp-container-core-group-is-layout-acc8bb78 wp-block-group-is-layout-grid\">\n<figure class=\"wp-block-image size-full\"><img loading=\"lazy\" decoding=\"async\" width=\"164\" height=\"90\" src=\"https:\/\/exa.com.tr\/wp-content\/uploads\/26_aigo.jpg\" alt=\"\" class=\"wp-image-389\"\/><\/figure>\n\n\n\n<figure class=\"wp-block-image size-full\"><img loading=\"lazy\" decoding=\"async\" width=\"164\" height=\"90\" src=\"https:\/\/exa.com.tr\/wp-content\/uploads\/11_Biostar.jpg\" alt=\"\" class=\"wp-image-388\"\/><\/figure>\n\n\n\n<figure class=\"wp-block-image size-full\"><img loading=\"lazy\" decoding=\"async\" width=\"164\" height=\"90\" src=\"https:\/\/exa.com.tr\/wp-content\/uploads\/07_Crucial-1.jpg\" alt=\"\" class=\"wp-image-902\"\/><\/figure>\n\n\n\n<figure class=\"wp-block-image size-full\"><a href=\"https:\/\/erazerturkiye.com\/tr\" target=\"_blank\" rel=\" noreferrer noopener\"><img loading=\"lazy\" decoding=\"async\" width=\"164\" height=\"90\" src=\"https:\/\/exa.com.tr\/wp-content\/uploads\/Erazer.jpg\" alt=\"\" class=\"wp-image-878\"\/><\/a><\/figure>\n\n\n\n<figure class=\"wp-block-image size-full\"><img loading=\"lazy\" decoding=\"async\" width=\"164\" height=\"90\" src=\"https:\/\/exa.com.tr\/wp-content\/uploads\/19_havit.jpg\" alt=\"\" class=\"wp-image-397\"\/><\/figure>\n\n\n\n<figure class=\"wp-block-image size-full\"><img loading=\"lazy\" decoding=\"async\" width=\"164\" height=\"90\" src=\"https:\/\/exa.com.tr\/wp-content\/uploads\/05_inno.jpg\" alt=\"\" class=\"wp-image-392\"\/><\/figure>\n\n\n\n<figure class=\"wp-block-image size-full\"><img loading=\"lazy\" decoding=\"async\" width=\"164\" height=\"90\" src=\"https:\/\/exa.com.tr\/wp-content\/uploads\/24_koorui-1.jpg\" alt=\"\" class=\"wp-image-672\"\/><\/figure>\n\n\n\n<figure class=\"wp-block-image size-full\"><img loading=\"lazy\" decoding=\"async\" width=\"150\" height=\"90\" src=\"https:\/\/exa.com.tr\/wp-content\/uploads\/Medion_Logo.jpg\" alt=\"\" class=\"wp-image-1043\"\/><\/figure>\n\n\n\n<figure class=\"wp-block-image size-full\"><img loading=\"lazy\" decoding=\"async\" width=\"164\" height=\"90\" src=\"https:\/\/exa.com.tr\/wp-content\/uploads\/09_Micron-1.jpg\" alt=\"\" class=\"wp-image-904\"\/><\/figure>\n\n\n\n<figure class=\"wp-block-image size-full\"><img loading=\"lazy\" decoding=\"async\" width=\"164\" height=\"90\" src=\"https:\/\/exa.com.tr\/wp-content\/uploads\/14_Netac.jpg\" alt=\"\" class=\"wp-image-393\"\/><\/figure>\n\n\n\n<figure class=\"wp-block-image size-full\"><img loading=\"lazy\" decoding=\"async\" width=\"164\" height=\"90\" src=\"https:\/\/exa.com.tr\/wp-content\/uploads\/13_Npc_Logo.jpg\" alt=\"\" class=\"wp-image-917\"\/><\/figure>\n\n\n\n<figure class=\"wp-block-image size-full\"><img loading=\"lazy\" decoding=\"async\" width=\"164\" height=\"90\" src=\"https:\/\/exa.com.tr\/wp-content\/uploads\/04_Palit.jpg\" alt=\"\" class=\"wp-image-391\"\/><\/figure>\n\n\n\n<figure class=\"wp-block-gallery has-nested-images columns-default is-cropped wp-block-gallery-1 is-layout-flex wp-block-gallery-is-layout-flex\">\n<figure class=\"wp-block-image size-full\"><img loading=\"lazy\" decoding=\"async\" width=\"164\" height=\"90\" data-id=\"921\" src=\"https:\/\/exa.com.tr\/wp-content\/uploads\/06_Powercolor-2.jpg\" alt=\"\" class=\"wp-image-921\"\/><\/figure>\n<\/figure>\n<\/div>\n\n\n\n<p><\/p>\n","protected":false},"excerpt":{"rendered":"<p>Eksa markalar\u0131 Distrib\u00fct\u00f6rl\u00fc\u011f\u00fcn\u00fc yapt\u0131\u011f\u0131m\u0131z markalar<\/p>\n","protected":false},"author":1,"featured_media":0,"parent":0,"menu_order":0,"comment_status":"closed","ping_status":"closed","template":"wp-custom-template-kurumsal-ablon","meta":{"footnotes":""},"class_list":["post-283","page","type-page","status-publish","hentry"],"_links":{"self":[{"href":"https:\/\/exa.com.tr\/index.php\/wp-json\/wp\/v2\/pages\/283","targetHints":{"allow":["GET"]}}],"collection":[{"href":"https:\/\/exa.com.tr\/index.php\/wp-json\/wp\/v2\/pages"}],"about":[{"href":"https:\/\/exa.com.tr\/index.php\/wp-json\/wp\/v2\/types\/page"}],"author":[{"embeddable":true,"href":"https:\/\/exa.com.tr\/index.php\/wp-json\/wp\/v2\/users\/1"}],"replies":[{"embeddable":true,"href":"https:\/\/exa.com.tr\/index.php\/wp-json\/wp\/v2\/comments?post=283"}],"version-history":[{"count":16,"href":"https:\/\/exa.com.tr\/index.php\/wp-json\/wp\/v2\/pages\/283\/revisions"}],"predecessor-version":[{"id":1057,"href":"https:\/\/exa.com.tr\/index.php\/wp-json\/wp\/v2\/pages\/283\/revisions\/1057"}],"wp:attachment":[{"href":"https:\/\/exa.com.tr\/index.php\/wp-json\/wp\/v2\/media?parent=283"}],"curies":[{"name":"wp","href":"https:\/\/api.w.org\/{rel}","templated":true}]}}