{"id":265,"date":"2024-08-02T11:16:40","date_gmt":"2024-08-02T08:16:40","guid":{"rendered":"http:\/\/test.eksa.com.tr\/?page_id=265"},"modified":"2026-04-23T12:56:53","modified_gmt":"2026-04-23T09:56:53","slug":"bayilik-basvurusu","status":"publish","type":"page","link":"https:\/\/exa.com.tr\/index.php\/bayilik-basvurusu\/","title":{"rendered":"Bayilik Ba\u015fvurusu"},"content":{"rendered":"\n<div class=\"wp-block-cover is-light\" style=\"min-height:209px;aspect-ratio:unset;\"><img loading=\"lazy\" decoding=\"async\" width=\"1024\" height=\"683\" class=\"wp-block-cover__image-background wp-image-538\" alt=\"\" src=\"http:\/\/test.eksa.com.tr\/wp-content\/uploads\/bayilik_soz-1-1024x683.png\" style=\"object-position:52% 78%\" data-object-fit=\"cover\" data-object-position=\"52% 78%\" srcset=\"https:\/\/exa.com.tr\/wp-content\/uploads\/bayilik_soz-1-1024x683.png 1024w, https:\/\/exa.com.tr\/wp-content\/uploads\/bayilik_soz-1-300x200.png 300w, https:\/\/exa.com.tr\/wp-content\/uploads\/bayilik_soz-1-768x512.png 768w, https:\/\/exa.com.tr\/wp-content\/uploads\/bayilik_soz-1.png 1035w\" sizes=\"auto, (max-width: 1024px) 100vw, 1024px\" \/><span aria-hidden=\"true\" class=\"wp-block-cover__background has-background-dim-0 has-background-dim\"><\/span><div class=\"wp-block-cover__inner-container is-layout-flow wp-block-cover-is-layout-flow\">\n<div class=\"wp-block-columns is-layout-flex wp-container-core-columns-is-layout-65eef5bf wp-block-columns-is-layout-flex\">\n<div class=\"wp-block-column is-layout-flow wp-block-column-is-layout-flow\" style=\"border-style:none;border-width:0px;flex-basis:100%\">\n<p class=\"has-text-align-center\" style=\"padding-top:0;padding-right:0;padding-bottom:var(--wp--preset--spacing--60);padding-left:0;font-size:clamp(14px, 0.875rem + ((1vw - 3.2px) * 0.625), 20px);font-style:italic;font-weight:100;line-height:1.7\"><mark style=\"background-color:rgba(0, 0, 0, 0)\" class=\"has-inline-color has-contrast-color\">Teknolojiye bizimle dokunun&#8230;<\/mark><\/p>\n<\/div>\n<\/div>\n<\/div><\/div>\n\n\n\n<p><\/p>\n\n\n\n<p style=\"font-size:clamp(14px, 0.875rem + ((1vw - 3.2px) * 0.625), 20px);\">T\u00fcrkiye genelinde 3000&#8217;den fazla aktif bayisi olan Eksa ailesine \u00fc\u00e7 ad\u0131mda kat\u0131l\u0131n.<br><\/p>\n\n\n\n<ol class=\"wp-block-list\">\n<li><strong><a href=\"https:\/\/www.bayikanali.com\/bayi-ol\" data-type=\"link\" data-id=\"https:\/\/www.bayikanali.com\/bayi-ol\" target=\"_blank\" rel=\"noreferrer noopener\"><mark style=\"background-color:rgba(0, 0, 0, 0)\" class=\"has-inline-color has-accent-3-color\">&#8220;Bayilik Ba\u015fvurusu&#8221;<\/mark><\/a><\/strong>butonuna t\u0131klayarak gerekli alanlar\u0131 doldurun.<\/li>\n\n\n\n<li><strong><a href=\"\/wp-content\/uploads\/bayikanalisozlesme-18ab824.pdf\" target=\"_blank\" rel=\"noreferrer noopener\"><mark style=\"background-color:rgba(0, 0, 0, 0)\" class=\"has-inline-color has-accent-3-color\">&#8220;Bayikanal\u0131 Kullan\u0131m S\u00f6zle\u015fmesi&#8221;<\/mark><\/a><\/strong> butonuna t\u0131klayarak formu indirin, ka\u015feleyin ve \u0131slak imzan\u0131z\u0131 at\u0131n.<\/li>\n\n\n\n<li>Ka\u015fe ve \u0131slak imzal\u0131 bayilik formunu, &#8220;K\u0131s\u0131kl\u0131 Mahallesi, Alemda\u011f Cadddesi No:56\/B \u00dcsk\u00fcdar \/ \u0130STANBUL&#8221; adresine g\u00f6nderin.<br><\/li>\n<\/ol>\n\n\n\n<p style=\"font-size:clamp(14px, 0.875rem + ((1vw - 3.2px) * 0.625), 20px);\">\u0130\u015f ortakl\u0131\u011f\u0131 ba\u015fvurunuz i\u00e7in \u015fimdiden te\u015fekk\u00fcr eder, bol kazan\u00e7l\u0131 g\u00fcnler dileriz.<\/p>\n\n\n\n<p><\/p>\n\n\n\n<div class=\"wp-block-buttons is-layout-flex wp-block-buttons-is-layout-flex\">\n<div class=\"wp-block-button\"><a class=\"wp-block-button__link has-accent-3-background-color has-background has-medium-font-size has-custom-font-size wp-element-button\" href=\"https:\/\/www.bayikanali.com\/bayi-ol\" target=\"_blank\" rel=\"noreferrer noopener\"><strong>Bayilik Ba\u015fvurusu<\/strong><\/a><\/div>\n\n\n\n<div class=\"wp-block-button\"><a class=\"wp-block-button__link has-accent-3-background-color has-background has-medium-font-size has-custom-font-size wp-element-button\" href=\"\/wp-content\/uploads\/bayikanalisozlesme-18ab824.pdf\" target=\"_blank\" rel=\"noreferrer noopener\"><strong>Bayikanal\u0131 Kullan\u0131m S\u00f6zle\u015fmesi<\/strong><\/a><\/div>\n<\/div>\n\n\n\n<p><\/p>\n\n\n\n<p><\/p>\n","protected":false},"excerpt":{"rendered":"<p>T\u00fcrkiye genelinde 3000&#8217;den fazla aktif bayisi olan Eksa ailesine \u00fc\u00e7 ad\u0131mda kat\u0131l\u0131n. \u0130\u015f ortakl\u0131\u011f\u0131 ba\u015fvurunuz i\u00e7in \u015fimdiden te\u015fekk\u00fcr eder, bol kazan\u00e7l\u0131 g\u00fcnler dileriz.<\/p>\n","protected":false},"author":1,"featured_media":0,"parent":0,"menu_order":0,"comment_status":"closed","ping_status":"closed","template":"wp-custom-template-kurumsal-ablon","meta":{"footnotes":""},"class_list":["post-265","page","type-page","status-publish","hentry"],"_links":{"self":[{"href":"https:\/\/exa.com.tr\/index.php\/wp-json\/wp\/v2\/pages\/265","targetHints":{"allow":["GET"]}}],"collection":[{"href":"https:\/\/exa.com.tr\/index.php\/wp-json\/wp\/v2\/pages"}],"about":[{"href":"https:\/\/exa.com.tr\/index.php\/wp-json\/wp\/v2\/types\/page"}],"author":[{"embeddable":true,"href":"https:\/\/exa.com.tr\/index.php\/wp-json\/wp\/v2\/users\/1"}],"replies":[{"embeddable":true,"href":"https:\/\/exa.com.tr\/index.php\/wp-json\/wp\/v2\/comments?post=265"}],"version-history":[{"count":19,"href":"https:\/\/exa.com.tr\/index.php\/wp-json\/wp\/v2\/pages\/265\/revisions"}],"predecessor-version":[{"id":1062,"href":"https:\/\/exa.com.tr\/index.php\/wp-json\/wp\/v2\/pages\/265\/revisions\/1062"}],"wp:attachment":[{"href":"https:\/\/exa.com.tr\/index.php\/wp-json\/wp\/v2\/media?parent=265"}],"curies":[{"name":"wp","href":"https:\/\/api.w.org\/{rel}","templated":true}]}}