{"id":162,"date":"2024-07-31T12:33:43","date_gmt":"2024-07-31T09:33:43","guid":{"rendered":"http:\/\/test.eksa.com.tr\/?page_id=162"},"modified":"2024-07-31T12:33:43","modified_gmt":"2024-07-31T09:33:43","slug":"kisisel-verilerin-islenmesi-aydinlatma-metni","status":"publish","type":"page","link":"https:\/\/exa.com.tr\/index.php\/kisisel-verilerin-islenmesi-aydinlatma-metni\/","title":{"rendered":"Ki\u015fisel Verilerin \u0130\u015flenmesi Ayd\u0131nlatma Metni"},"content":{"rendered":"\n<p>EKSA ELEKTRON\u0130K B\u0130LG.\u0130\u015eL.SAN.DI\u015e.T\u0130C.A.\u015e taraf\u0131ndan gizlili\u011finize sayg\u0131 duyulmakta ve veri g\u00fcvenli\u011finize \u00f6nem verilmektedir. Bu kapsamda 6698 say\u0131l\u0131 Ki\u015fisel Verilerin Korunmas\u0131 Kanunu (\u201cKanun\u201d) ve ilgili di\u011fer mevzuatlar d\u00e2hilinde sizleri bilgilendirmek ve ayd\u0131nlatmak amac\u0131yla i\u015fbu metin haz\u0131rlanm\u0131\u015ft\u0131r.<\/p>\n\n\n\n<p>6698 say\u0131l\u0131 Ki\u015fisel Verilerin Korunmas\u0131 Kanunu (\u201cKVK Kanunu\u201d) uyar\u0131nca, kimli\u011finizi belirli veya belirlenebilir k\u0131lan her t\u00fcrl\u00fc bilginiz ve \u00f6zel nitelikli ki\u015fisel verileriniz d\u00e2hil ki\u015fisel verileriniz, veri sorumlusu olarak EKSA ELEKTRON\u0130K A.\u015e&nbsp; taraf\u0131ndan i\u015flenebilecektir.<\/p>\n\n\n\n<p>Ki\u015fisel verilerin i\u015flenmesi ise ki\u015fisel verilerin elde edilmesi, kaydedilmesi, depolanmas\u0131, muhafaza edilmesi, de\u011fi\u015ftirilmesi, yeniden d\u00fczenlenmesi, a\u00e7\u0131klanmas\u0131, aktar\u0131lmas\u0131, s\u0131n\u0131fland\u0131r\u0131lmas\u0131, ya da kullan\u0131lmas\u0131n\u0131n engellenmesi gibi verileri \u00fczerinden ger\u00e7ekle\u015ftirilen her t\u00fcrl\u00fc i\u015flemi ifade etmektedir.<\/p>\n\n\n\n<p>Ki\u015fisel verilerinizin korunmas\u0131 bizim i\u00e7in hayati \u00f6neme sahiptir. Bu konuda gereken t\u00fcm \u00f6nlemleri alaca\u011f\u0131m\u0131za ve son derece \u015feffaf olmaya devam edece\u011fimizi bildirmek istiyoruz.<\/p>\n\n\n\n<h3 class=\"wp-block-heading\"><strong>Ki\u015fisel Verilerin \u0130\u015flenme Ama\u00e7lar\u0131<\/strong><\/h3>\n\n\n\n<p>Toplanan ki\u015fisel verileriniz, \u015eirketimiz ve \u015eirketimizle i\u015f ili\u015fkisi i\u00e7erisinde olan ki\u015filerin hukuki ve ticari g\u00fcvenli\u011finin temini, Mevcut m\u00fc\u015fterilerimiz i\u00e7in memnuniyet de\u011ferlendirme faaliyetlerinin y\u00fcr\u00fct\u00fclmesi, organizasyon ve etkinlik y\u00f6netimi, sat\u0131\u015f ve sat\u0131n alma s\u00fcre\u00e7lerinin y\u00fcr\u00fct\u00fclmesi, finans ve muhasebe i\u015flemlerinin ger\u00e7ekle\u015ftirilmesi, i\u00e7 denetim s\u00fcre\u00e7lerinin y\u00fcr\u00fct\u00fclmesi, i\u015f sa\u011fl\u0131\u011f\u0131 ve g\u00fcvenli\u011fi faaliyetlerinin y\u00fcr\u00fct\u00fclmesi, ilgili\/yetkili kamu kurulu\u015flar\u0131na bildirim y\u00fck\u00fcml\u00fcl\u00fc\u011f\u00fcn\u00fcn yerine getirilmesi (Mahkemeler, Maliye Bakanl\u0131\u011f\u0131, \u00c7al\u0131\u015fma ve Sosyal G\u00fcvenlik Bakanl\u0131\u011f\u0131, \u0130\u00e7 i\u015fleri Bakanl\u0131\u011f\u0131 v.b.), \u015eirketimizin insan kaynaklar\u0131 politikalar\u0131n\u0131n y\u00fcr\u00fct\u00fclmesinin temini, bilgi ve fiziksel g\u00fcvenlik s\u00fcre\u00e7lerinin y\u00fcr\u00fct\u00fclmesi ama\u00e7lar\u0131yla i\u015flenebilecektir.<\/p>\n\n\n\n<h3 class=\"wp-block-heading\"><strong>Ki\u015fisel Verilerinizin Aktar\u0131lmas\u0131<\/strong><\/h3>\n\n\n\n<p>Yukar\u0131da say\u0131lan ama\u00e7larla verileriniz i\u015flenir, g\u00fcvenle saklan\u0131r ve yasal mevzuat ve a\u00e7\u0131k r\u0131zan\u0131z d\u0131\u015f\u0131nda 3. Ki\u015filerle kesinlikle payla\u015f\u0131lmaz. TTK, VUK, SGK, \u0130\u015e Kanunu, ISG Kanunu, yasal mevzuattan kaynakl\u0131 y\u00fck\u00fcml\u00fcl\u00fckler gere\u011fi yetkili kamu kurum\/kurulu\u015flar\u0131na, finansal riskleri de\u011ferlendirmek amac\u0131yla arac\u0131 finans kurulu\u015flar\u0131na, denetim s\u00fcre\u00e7lerinin y\u00fcr\u00fct\u00fclmesi amac\u0131yla ba\u011f\u0131ms\u0131z denetim firmalar\u0131na, ipotek temin s\u00fcre\u00e7lerinin y\u00fcr\u00fct\u00fclmesi i\u00e7in gayrimenkul de\u011ferlendirme firmalar\u0131na, i\u015f seyahatleri ve organizasyon, \u00f6d\u00fcllendirme s\u00fcre\u00e7lerinde arac\u0131\/acente hizmeti veren kurumlara, i\u015f ortaklar\u0131m\u0131za, hissedarlar\u0131m\u0131za, ba\u011fl\u0131 grup \u015firketlerimize ve i\u015f s\u00fcre\u00e7lerimizde destek ald\u0131\u011f\u0131m\u0131z yerel\/uluslararas\u0131 kurulu\u015flara, hukuki dayanaklar ve r\u0131zan\u0131z \u00e7er\u00e7evesinde aktar\u0131labilecektir.<\/p>\n\n\n\n<h3 class=\"wp-block-heading\"><strong>Ki\u015fisel Verilerinizin Toplanma Y\u00f6ntemi<\/strong><\/h3>\n\n\n\n<p>Ki\u015fisel verileriniz \u015eirketimiz taraf\u0131ndan farkl\u0131 kanallarla ve farkl\u0131 hukuki sebeplere dayanarak ticari faaliyetlerimizi y\u00fcr\u00fctmek amac\u0131yla toplanmaktad\u0131r. Ticari s\u00fcre\u00e7lerin y\u00fcr\u00fct\u00fclmesi faaliyetleri \u00e7er\u00e7evesinde; M\u00fc\u015fteri tan\u0131t\u0131m formlar\u0131, tedarik\u00e7i bilgi formlar\u0131, ileti\u015fim bilgi formlar\u0131, di\u011fer ticari belgeler, \u00f6deme bilgileri, k\u0131ymetli evraklar, aday ba\u015fvuru formlar\u0131 gibi yaz\u0131l\u0131 belge\/formlar ile yapt\u0131\u011f\u0131n\u0131z bildirimler arac\u0131l\u0131\u011f\u0131yla s\u00f6zl\u00fc, yaz\u0131l\u0131 veya elektronik ortamda olmak kayd\u0131yla tamamen veya k\u0131smen otomatik olan ya da herhangi bir veri kay\u0131t sisteminin par\u00e7as\u0131 olarak otomatik olmayan, yurt i\u00e7i\/yurtd\u0131\u015f\u0131 i\u015ftiraklerimiz, i\u015fbirli\u011fi yapt\u0131\u011f\u0131m\u0131z program orta\u011f\u0131 kurum ve kurulu\u015flar, resmi kurumlar, di\u011fer 3.ki\u015filer de dahil olmak \u00fczere EKSA ELEKTRON\u0130K A.\u015e d\u0131\u015f\u0131ndan da elde edilebilecek \u015fekilde \u00e7e\u015fitli y\u00f6ntemlerle toplamaktad\u0131r.<\/p>\n\n\n\n<h3 class=\"wp-block-heading\"><strong>KVK Kanunu\u2019nun 11. maddesinde Say\u0131lan Haklar\u0131n\u0131z<\/strong><\/h3>\n\n\n\n<p>Ki\u015fisel veri sahipleri olarak, haklar\u0131n\u0131za ili\u015fkin taleplerinizi, i\u015fbu Ayd\u0131nlatma Metninde a\u015fa\u011f\u0131da d\u00fczenlenen y\u00f6ntemlerle \u015eirketimize iletmeniz durumunda \u015eirketimiz talebin niteli\u011fine g\u00f6re talebi en k\u0131sa s\u00fcrede ve en ge\u00e7 otuz g\u00fcn i\u00e7inde \u00fccretsiz olarak sonu\u00e7land\u0131racakt\u0131r. Ancak, Ki\u015fisel Verileri Koruma Kurulunca bir \u00fccret \u00f6ng\u00f6r\u00fclmesi halinde, \u015eirketimiz taraf\u0131ndan belirlenen tarifedeki \u00fccret al\u0131nacakt\u0131r.<\/p>\n\n\n\n<p>Bu kapsamda ki\u015fisel veriniz ile ilgili<\/p>\n\n\n\n<p><strong>a)&nbsp;<\/strong>Ki\u015fisel veri i\u015flenip i\u015flenmedi\u011fini \u00f6\u011frenme,<br><br><strong>b)&nbsp;<\/strong>Ki\u015fisel verileri i\u015flenmi\u015fse buna ili\u015fkin bilgi talep etme,<br><br><strong>c)&nbsp;<\/strong>Ki\u015fisel verilerin i\u015flenme amac\u0131n\u0131 ve bunlar\u0131n amac\u0131na uygun kullan\u0131l\u0131p kullan\u0131lmad\u0131\u011f\u0131n\u0131 \u00f6\u011frenme,<br><br><strong>\u00e7)&nbsp;<\/strong>Yurt i\u00e7inde veya yurt d\u0131\u015f\u0131nda ki\u015fisel verilerin aktar\u0131ld\u0131\u011f\u0131 \u00fc\u00e7\u00fcnc\u00fc ki\u015fileri bilme,<br><br><strong>d)&nbsp;<\/strong>Ki\u015fisel verilerin eksik veya yanl\u0131\u015f i\u015flenmi\u015f olmas\u0131 h\u00e2linde bunlar\u0131n d\u00fczeltilmesini isteme ve bu kapsamda yap\u0131lan i\u015flemin ki\u015fisel verilerin aktar\u0131ld\u0131\u011f\u0131 \u00fc\u00e7\u00fcnc\u00fc ki\u015filere bildirilmesini isteme,<br><br><strong>e)&nbsp;<\/strong>KVK Kanunu\u2019nun ve ilgili di\u011fer kanun h\u00fck\u00fcmlerine uygun olarak i\u015flenmi\u015f olmas\u0131na ra\u011fmen, i\u015flenmesini gerektiren sebeplerin ortadan kalkmas\u0131 h\u00e2linde ki\u015fisel verilerin silinmesini veya yok edilmesini isteme ve bu kapsamda yap\u0131lan i\u015flemin ki\u015fisel verilerin aktar\u0131ld\u0131\u011f\u0131 \u00fc\u00e7\u00fcnc\u00fc ki\u015filere bildirilmesini isteme,<br><br><strong>f)&nbsp;<\/strong>\u0130\u015flenen verilerin m\u00fcnhas\u0131ran otomatik sistemler vas\u0131tas\u0131yla analiz edilmesi suretiyle ki\u015finin kendisi aleyhine bir sonucun ortaya \u00e7\u0131kmas\u0131na itiraz etme,<br><br><strong>g)&nbsp;<\/strong>Ki\u015fisel verilerin kanuna ayk\u0131r\u0131 olarak i\u015flenmesi sebebiyle zarara u\u011framas\u0131 h\u00e2linde zarar\u0131n giderilmesini talep etme haklar\u0131na sahipsiniz.<\/p>\n\n\n\n<h3 class=\"wp-block-heading\">Ki\u015fisel Veri Sahibi\u2019nin Haklar\u0131n\u0131 Kullanmas\u0131<\/h3>\n\n\n\n<p>Ki\u015fisel Veri Sahipleri i\u015fbu Politika\u2019n\u0131n (6.2.) maddesinde say\u0131lan haklar\u0131na ili\u015fkin taleplerini kimliklerini tespit edecek bilgi ve belgelerle ve a\u015fa\u011f\u0131da belirtilen y\u00f6ntemlerle veya KVK Kurulu\u2019nun belirledi\u011fi di\u011fer y\u00f6ntemlerle&nbsp;<a href=\"http:\/\/www.eksa.com\/\"><strong>www.eksa.com<\/strong><\/a>&nbsp;ve&nbsp;<a href=\"http:\/\/www.bayikanali.com\/\"><strong>www.bayikanali.com<\/strong><\/a><strong><\/strong>ba\u011flant\u0131s\u0131ndan ula\u015fabilece\u011finiz Ba\u015fvuru Formu\u2019nu doldurup imzalayarak \u015eirket\u2019e \u00fccretsiz olarak iletebileceklerdir:<\/p>\n\n\n\n<p><a href=\"https:\/\/www.bayikanali.com\/content\/KVKK_basvuru_formu.pdf\" target=\"_blank\" rel=\"noreferrer noopener\">Form i\u00e7in t\u0131klay\u0131n\u0131z ..&nbsp;<\/a><\/p>\n\n\n\n<p><strong>(i)&nbsp;<\/strong>Ba\u015fvuru formu doldurulduktan sonra \u0131slak imzal\u0131 bir n\u00fcshas\u0131n\u0131n bizzat elden&nbsp;<strong>K\u0131s\u0131kl\u0131 Mahallesi Alemda\u011f Caddesi No:56\/b \u00dcsk\u00fcdar \u0130stanbul&nbsp;<\/strong>adresine iletilmesi,<\/p>\n\n\n\n<p><strong>(ii)&nbsp;<\/strong>Ba\u015fvuru formu doldurulup 5070 Say\u0131l\u0131 Elektronik \u0130mza Kanunu kapsam\u0131ndaki \u201cg\u00fcvenli elektronik imza\u201dn\u0131zla imzaland\u0131ktan sonra g\u00fcvenli elektronik imzal\u0131 formun &nbsp;<a href=\"mailto:eksa@hs01.kep.tr\"><strong>eksa@hs01.kep.tr<\/strong><\/a>&nbsp;adresine kay\u0131tl\u0131 elektronik posta ile g\u00f6nderilmesi..<\/p>\n\n\n\n<p><strong>(iii)&nbsp;<\/strong>Mobil imza ile,<\/p>\n\n\n\n<p><strong>(iv)&nbsp;<\/strong>\u015eirket\u2019e daha \u00f6nce bildirilen ve \u015eirket sisteminde kay\u0131tl\u0131 bulunan elektronik posta adresini kullanmak suretiyle ba\u015fvuru formunun iletilmesi.<\/p>\n\n\n\n<p><strong>(v)&nbsp;<\/strong>Ki\u015fisel veri sahipleri ad\u0131na \u00fc\u00e7\u00fcnc\u00fc ki\u015filerin ba\u015fvuru talebinde bulunabilmesi i\u00e7in veri sahibi taraf\u0131ndan ba\u015fvuruda bulunacak ki\u015fi ad\u0131na noter kanal\u0131yla d\u00fczenlenmi\u015f \u00f6zel vek\u00e2letname bulunmal\u0131d\u0131r.<\/p>\n","protected":false},"excerpt":{"rendered":"<p>EKSA ELEKTRON\u0130K B\u0130LG.\u0130\u015eL.SAN.DI\u015e.T\u0130C.A.\u015e taraf\u0131ndan gizlili\u011finize sayg\u0131 duyulmakta ve veri g\u00fcvenli\u011finize \u00f6nem verilmektedir. Bu kapsamda 6698 say\u0131l\u0131 Ki\u015fisel Verilerin Korunmas\u0131 Kanunu (\u201cKanun\u201d) ve ilgili di\u011fer mevzuatlar d\u00e2hilinde sizleri bilgilendirmek ve ayd\u0131nlatmak amac\u0131yla i\u015fbu metin haz\u0131rlanm\u0131\u015ft\u0131r. 6698 say\u0131l\u0131 Ki\u015fisel Verilerin Korunmas\u0131 Kanunu (\u201cKVK Kanunu\u201d) uyar\u0131nca, kimli\u011finizi belirli veya belirlenebilir k\u0131lan her t\u00fcrl\u00fc bilginiz ve \u00f6zel nitelikli ki\u015fisel [&hellip;]<\/p>\n","protected":false},"author":1,"featured_media":0,"parent":0,"menu_order":0,"comment_status":"closed","ping_status":"closed","template":"","meta":{"footnotes":""},"class_list":["post-162","page","type-page","status-publish","hentry"],"_links":{"self":[{"href":"https:\/\/exa.com.tr\/index.php\/wp-json\/wp\/v2\/pages\/162","targetHints":{"allow":["GET"]}}],"collection":[{"href":"https:\/\/exa.com.tr\/index.php\/wp-json\/wp\/v2\/pages"}],"about":[{"href":"https:\/\/exa.com.tr\/index.php\/wp-json\/wp\/v2\/types\/page"}],"author":[{"embeddable":true,"href":"https:\/\/exa.com.tr\/index.php\/wp-json\/wp\/v2\/users\/1"}],"replies":[{"embeddable":true,"href":"https:\/\/exa.com.tr\/index.php\/wp-json\/wp\/v2\/comments?post=162"}],"version-history":[{"count":1,"href":"https:\/\/exa.com.tr\/index.php\/wp-json\/wp\/v2\/pages\/162\/revisions"}],"predecessor-version":[{"id":163,"href":"https:\/\/exa.com.tr\/index.php\/wp-json\/wp\/v2\/pages\/162\/revisions\/163"}],"wp:attachment":[{"href":"https:\/\/exa.com.tr\/index.php\/wp-json\/wp\/v2\/media?parent=162"}],"curies":[{"name":"wp","href":"https:\/\/api.w.org\/{rel}","templated":true}]}}