{"id":158,"date":"2024-07-31T12:28:30","date_gmt":"2024-07-31T09:28:30","guid":{"rendered":"http:\/\/test.eksa.com.tr\/?page_id=158"},"modified":"2025-10-13T12:14:45","modified_gmt":"2025-10-13T09:14:45","slug":"hakkimizda","status":"publish","type":"page","link":"https:\/\/exa.com.tr\/index.php\/hakkimizda\/","title":{"rendered":"Hakk\u0131m\u0131zda"},"content":{"rendered":"\n<figure class=\"wp-block-image size-large is-resized\"><img loading=\"lazy\" decoding=\"async\" width=\"1024\" height=\"668\" src=\"https:\/\/exa.com.tr\/wp-content\/uploads\/Foto-1024x668.jpg\" alt=\"\" class=\"wp-image-954\" style=\"width:600px\" srcset=\"https:\/\/exa.com.tr\/wp-content\/uploads\/Foto-1024x668.jpg 1024w, https:\/\/exa.com.tr\/wp-content\/uploads\/Foto-300x196.jpg 300w, https:\/\/exa.com.tr\/wp-content\/uploads\/Foto-768x501.jpg 768w, https:\/\/exa.com.tr\/wp-content\/uploads\/Foto-1536x1001.jpg 1536w, https:\/\/exa.com.tr\/wp-content\/uploads\/Foto.jpg 1600w\" sizes=\"auto, (max-width: 1024px) 100vw, 1024px\" \/><\/figure>\n\n\n\n<div style=\"height:30px\" aria-hidden=\"true\" class=\"wp-block-spacer\"><\/div>\n\n\n\n<p style=\"text-align: justify; max-width: 600px;\">Eksa Elektronik Bilgi \u0130\u015flem San. ve D\u0131\u015f Tic. A.\u015e. teknoloji \u00fcr\u00fcnlerinin t\u00fcketiciye ula\u015ft\u0131r\u0131lmas\u0131n\u0131 sa\u011flayan da\u011f\u0131t\u0131m \u015firketidir. 2002 y\u0131l\u0131nda Kad\u0131k\u00f6y&#8217;deki ma\u011faza ile ticari hayat\u0131na ba\u015flayan Eksa Elektronik, 2006 y\u0131l\u0131ndan itibaren 5000 m2 kapal\u0131 alana sahip \u00c7aml\u0131ca merkez binas\u0131nda 100\u2019\u00fc a\u015fk\u0131n \u00a0\u00e7al\u0131\u015fan\u0131 ile hizmet vermektedir.<br><br>Onlarca markan\u0131n T\u00fcrkiye Resmi Da\u011f\u0131t\u0131c\u0131s\u0131 olan EKSA, 200&#8217;den fazla marka, binlerce \u00fcr\u00fcn \u00e7e\u015fidi ile 3000&#8217;ini a\u015fk\u0131n i\u015f orta\u011f\u0131na &#8220;tek noktadan tedarik&#8221; imkan\u0131 sa\u011fl\u0131yoruz.<\/p>\n\n\n\n<div style=\"height:30px\" aria-hidden=\"true\" class=\"wp-block-spacer\"><\/div>\n\n\n\n<p style=\"text-align: justify; max-width: 600px;\"><strong>Vizyonumuz:<\/strong><br>Bili\u015fim sekt\u00f6r\u00fcnde, i\u015f ortaklar\u0131na art\u0131 de\u011fer yaratan ve m\u00fc\u015fteri memnuniyetini \u00f6nceleyen teknoloji da\u011f\u0131t\u0131c\u0131s\u0131 olmak.<\/p>\n\n\n\n<p style=\"text-align: justify; max-width: 600px;\"><br><strong>Misyonumuz:<\/strong><br>Teknoloji \u00fcr\u00fcnlerini, geni\u015f \u00fcr\u00fcn yelpazesi ve rekabet\u00e7i ko\u015fullarla, h\u0131zl\u0131 ve g\u00fcvenilir \u015fekilde sunmak.<br>\u0130\u015f ortaklar\u0131m\u0131z\u0131n ihtiya\u00e7lar\u0131n\u0131 iyi anlamak ve beklentilerini kar\u015f\u0131layacak \u00e7\u00f6z\u00fcmler \u00fcretmek.<br>Sat\u0131\u015f \u00f6ncesi ve sat\u0131\u015f sonras\u0131 hizmet kalitemizin devaml\u0131l\u0131\u011f\u0131n\u0131 sa\u011flamak ve iyile\u015ftirmek.<\/p>\n","protected":false},"excerpt":{"rendered":"<p>Eksa Elektronik Bilgi \u0130\u015flem San. ve D\u0131\u015f Tic. A.\u015e. teknoloji \u00fcr\u00fcnlerinin t\u00fcketiciye ula\u015ft\u0131r\u0131lmas\u0131n\u0131 sa\u011flayan da\u011f\u0131t\u0131m \u015firketidir. 2002 y\u0131l\u0131nda Kad\u0131k\u00f6y&#8217;deki ma\u011faza ile ticari hayat\u0131na ba\u015flayan Eksa Elektronik, 2006 y\u0131l\u0131ndan itibaren 5000 m2 kapal\u0131 alana sahip \u00c7aml\u0131ca merkez binas\u0131nda 100\u2019\u00fc a\u015fk\u0131n \u00a0\u00e7al\u0131\u015fan\u0131 ile hizmet vermektedir. Onlarca markan\u0131n T\u00fcrkiye Resmi Da\u011f\u0131t\u0131c\u0131s\u0131 olan EKSA, 200&#8217;den fazla marka, binlerce \u00fcr\u00fcn [&hellip;]<\/p>\n","protected":false},"author":1,"featured_media":954,"parent":0,"menu_order":0,"comment_status":"closed","ping_status":"closed","template":"wp-custom-template-kurumsal-ablon","meta":{"footnotes":""},"class_list":["post-158","page","type-page","status-publish","has-post-thumbnail","hentry"],"_links":{"self":[{"href":"https:\/\/exa.com.tr\/index.php\/wp-json\/wp\/v2\/pages\/158","targetHints":{"allow":["GET"]}}],"collection":[{"href":"https:\/\/exa.com.tr\/index.php\/wp-json\/wp\/v2\/pages"}],"about":[{"href":"https:\/\/exa.com.tr\/index.php\/wp-json\/wp\/v2\/types\/page"}],"author":[{"embeddable":true,"href":"https:\/\/exa.com.tr\/index.php\/wp-json\/wp\/v2\/users\/1"}],"replies":[{"embeddable":true,"href":"https:\/\/exa.com.tr\/index.php\/wp-json\/wp\/v2\/comments?post=158"}],"version-history":[{"count":21,"href":"https:\/\/exa.com.tr\/index.php\/wp-json\/wp\/v2\/pages\/158\/revisions"}],"predecessor-version":[{"id":955,"href":"https:\/\/exa.com.tr\/index.php\/wp-json\/wp\/v2\/pages\/158\/revisions\/955"}],"wp:featuredmedia":[{"embeddable":true,"href":"https:\/\/exa.com.tr\/index.php\/wp-json\/wp\/v2\/media\/954"}],"wp:attachment":[{"href":"https:\/\/exa.com.tr\/index.php\/wp-json\/wp\/v2\/media?parent=158"}],"curies":[{"name":"wp","href":"https:\/\/api.w.org\/{rel}","templated":true}]}}